pose -h - n*h = -9. Let f(v) be the first derivative of v**2/2 - 4*v + 1. Calculate f(h).
-1
Let x(b) = -4*b**2 + 11*b. Let w(u) = -5*u**2 + 15*u + 1. Let m(f) = -5*w(f) + 6*x(f). Suppose -2*l = -4*l - k + 13, 5*l + k = 37. Calculate m(l).
-13
Let c(r) be the third derivative of -r**6/60 + r**5/15 - r**4/24 - r**3/3 - 4*r**2 + 2. What is c(2)?
-4
Let n(h) = -5 - 1 + 1 + 3*h - h**3 + 2. Let u = -251 + 253. Give n(u).
-5
Suppose 0 = -2*o + 2 - 4. Let j(c) be the third derivative of -2*c**6/15 + c**5/60 - c**4/24 - c**3/6 + 8*c**2. Calculate j(o).
17
Let y(b) = -b**3 + 10. Suppose -7*z = -9*z + 36. Suppose -3*w + 8 = 2*o, -5*o + 2 + z = 0. Give y(w).
10
Let k(v) be the first derivative of v**4/4 + 5*v**3/3 + v**2 + v - 1. Suppose 48*o - 20*o = -38*o - 330. What is k(o)?
-9
Let r(o) be the first derivative of o**3 - o**2/2 + 1. Let m(d) = -d**3 - 17*d**2 + 232*d - 53. Let l be m(-26). Give r(l).
4
Let s(w) = 16*w + 1. Suppose 0*d = -3*d - 2*d. Let c = d - 1. Calculate s(c).
-15
Let v = 61 - 60. Let n(u) = 7*u**3 + 1. Determine n(v).
8
Let u(f) = -367 - 5*f - 361 + 720. What is u(-8)?
32
Suppose d + 5*h = 3 + 1, 4*d = 5*h + 66. Let r be (-1)/(2/d)*(-1)/1. Let x(z) be the second derivative of z**3/6 - 13*z**2/2 + 2*z. Give x(r).
-6
Let i(r) = 2*r**2 - 2*r + 3. Let o(h) = 2*h**2 - 2*h + 4. Let u(n) = 3*i(n) - 2*o(n). Suppose 4 = 2*k + 12, -c - k = 1. Determine u(c).
13
Let z(g) = -g**2 - 16*g + 32. Let t(r) = 33*r + 16. Let m be t(-1). Determine z(m).
15
Let s = 71 + -65. Suppose 2*j - 4*j + 5*z - s = 0, z + 2 = 2*j. Let m(p) = 2*p**3 + p**2 + 1. What is m(j)?
21
Let g(z) = -2*z - 1. Suppose 4*j + 9 + 23 = 0. Let s be (-6)/21*6*-7. Let u be (4/3)/(j/s). Calculate g(u).
3
Let n(j) be the second derivative of j**4/6 + j**3/3 + j**2 + 2*j + 28. What is n(-2)?
6
Let v(m) = m**3 + 5*m**2 + 5*m + 4. Let x = 35 - -41. Let q be -5*(x/20 + -3). Determine v(q).
0
Let m = 10 - 15. Let x(t) = -5 - 257*t + 126*t + 128*t. What is x(m)?
10
Let x(a) = 9*a**2 + a. Let r = 493 - 494. Determine x(r).
8
Let w(g) = 3*g + 2*g - 4*g. Suppose -1 = -49*q + 48. Give w(q).
1
Let l(s) = 8*s + 21. Let j(u) = 6*u + 14. Let y(g) = 6*j(g) - 4*l(g). Calculate y(1).
4
Let o(k) = -k**2 + 4*k + 2. Let h be (-12)/(-18) - 4/(-3). Suppose 0 = i - 4*v, -3*i - v - 75 = h*v. Let p = i + 26. Give o(p).
-10
Let l(c) = -2*c + 17. Let a be l(6). Let d(m) = 2*m - 4. Determine d(a).
6
Let j(u) = 3 - 3*u**2 - u**3 + 4*u + 2*u - 2*u**2. Let v(n) = n**2 - 7*n - 14. Let b be (12/9)/1*6*1. Let p be v(b). Determine j(p).
3
Suppose -5*z = 4*g - 8, -2*g + 4*z = 2*g + 28. Let w(l) be the second derivative of 2*l**3/3 + 2*l**2 + 3*l. Calculate w(g).
-8
Let d = 2310 - 2316. Let t(i) = -i**3 - 7*i**2 - 10*i - 18. Give t(d).
6
Suppose 2*s = -10 + 40. Let g = s + -14. Let n(u) = -g - 2*u + 4*u**2 + 5*u + u**3 + 2 - 2*u. Determine n(-3).
7
Let u(c) = -c**2 + 9*c + 1. Let l(x) = x**2 - 45*x + 134. Let i be l(42). Give u(i).
9
Let z(h) = h**2 - 6*h - 4. Let v be (-230)/(-92)*(1 - -1). Give z(v).
-9
Let a(p) = p**2 - 3*p - 4. Let s = -21 - -25. Let n be 5*-1*(3 - s). Give a(n).
6
Let t(g) = -11*g + 6. Let s be 2 + -1 + -2 + 7. Let b(w) = 5*w - 3. Let c(k) = s*t(k) + 13*b(k). Let m = 16 - 11. Determine c(m).
-8
Let b(v) = -5*v**2 - v - 7*v**3 + 3 + 8*v**3 + 4 - 2. Calculate b(5).
0
Suppose -r + 5*a - 25 = -3*r, 0 = -5*r - a + 5. Let o(j) = 5*j - j + r*j - 3. Let q = 12 - 10. What is o(q)?
5
Suppose 2 = -5*a + 17. Suppose 0 = 3*b + 2*d - d + 4, -12 = a*b + 3*d. Let z(j) be the second derivative of j**5/20 - j**3/6 - 5*j**2/2 + 9*j. Calculate z(b).
-5
Let n(p) = -2*p**2 + 5*p - 1. Let f(g) = 4*g**2 - 22*g - 38. Let y be f(7). Calculate n(y).
-13
Let l(x) = 7*x**3 - 3*x**2 + 5*x - 1. Let z(y) = 5*y**3 - y**2 + 3*y - 1. Let u(i) = -3*l(i) + 4*z(i). Let v = -8 - -13. What is u(v)?
-16
Let o(a) = -a - 15. Let d = 100 + -108. Calculate o(d).
-7
Suppose 91 = -5*x - 3*k + 2*k, 5*x = -5*k - 95. Let w be 46/6 - 6/x. Let o(z) = z**2 - 8*z + 1. Give o(w).
1
Let c(f) = -f**3 + 9*f**2 - 3*f - 16. Let m be c(8). Let i = m - 20. Let h(v) = 5 - 5*v**2 + 17*v + i*v**3 - 3*v**3 + 17*v - 36*v. Give h(5).
-5
Let m(d) = d + 14. Suppose -t - t = 4*n, -4*n + t = 0. Suppose -4*a - 12 = y - 0*a, 2*a + 2 = n. Determine m(y).
6
Let z(u) = u - 4. Let p(i) = 2*i - 5. Let c(a) = -3*p(a) + 4*z(a). Suppose 10 = 22*t - 20*t, 3*t - 11 = -4*l. What is c(l)?
1
Let g(x) be the third derivative of x**6/24 - x**5/60 - x**4/12 - x**3/6 - 2*x**2 + 4. Calculate g(-1).
-5
Let q(g) = -g**3 + 5*g**2 - 4*g. Let n be (-1 + 9)*(-19)/(-38). Suppose -4*j = y - 15 - 1, n*y - 169 = 5*j. Let b = y - 32. What is q(b)?
0
Let p(g) = g**3 - 9*g**2 - g + 8. Let a be 3/((-7)/(-42) + 2/12). Let x be p(a). Let m(l) = -l**3 + l + 1. What is m(x)?
1
Let j(u) = u**3 - 8*u**2 + 8*u. Let b = -67 - -69. Suppose -3 = b*p + 3*v, 0*v - 49 = -4*p + 5*v. What is j(p)?
-24
Let k(m) = -m**2 - 21*m - 44. Suppose 5*b + 101 = -4*l, -5*l + 5*b - 3 = 67. Let f be k(l). Let q(z) = -z**2 - 6*z + 2. Give q(f).
2
Let w(x) = x**3 + x**2 - 16*x - 8. Let b be w(4). Let r(i) = i**2 - 11*i + 7. Calculate r(b).
-17
Let t(c) = -c**2 + 1. Let a(o) = 108*o**2 - 5*o + 8*o - 111*o**2. Let z(k) = -a(k) + 4*t(k). Calculate z(-6).
-14
Let i(p) = 2*p**3 - p + 3*p - 3*p**3. Let z be (-62)/10 - 1/(-5). Let t be 16/z*(-24)/32. What is i(t)?
-4
Let j(i) = -i**2 - 10*i + 13. Let b be j(-11). Let l(x) = b - 7*x**2 - 3*x - 3 + 2*x + 0*x. Let m be 1/(-3) + 4/(-6). Give l(m).
-7
Let c(g) = 7*g - 5. Let k be 87/18 + 0 - 1/(-6). Calculate c(k).
30
Let b(t) = 7*t - 9. Let l(s) = 19*s - 26. Let h(a) = 8*b(a) - 3*l(a). Let i be 0*(4/(-2) + 3). Let v be (5 - i)*(-1)/(-1). What is h(v)?
1
Let b(l) = 15*l + 46. Let i(n) = -7*n - 19. Let c(u) = 4*b(u) + 9*i(u). Give c(-10).
43
Let u(y) = -y**2 + 3*y - 3. Let h be (-16 - -17) + -1 + (-2)/(-1). What is u(h)?
-1
Let s(x) be the first derivative of x**4/4 - x**3 - x**2 + 4*x + 71. What is s(4)?
12
Let x(l) = 30*l**3 - l + 1. Suppose 23*k - 56*k = -33. What is x(k)?
30
Let h(a) = -a**2 - 9*a + 18. Let w(l) = l**3 + 19*l**2 - 38*l + 73. Let z be w(-21). Give h(z).
-4
Let l(j) be the first derivative of -j**3/3 + 7*j**2 - 12*j - 611. What is l(12)?
12
Let n(j) be the second derivative of -j**5/40 + 3*j**4/8 - 14*j**3/3 + 28*j. Let a(m) be the second derivative of n(m). Calculate a(7).
-12
Suppose -4*h = 3 + 17. Let y(c) be the first derivative of -c**3/3 - 3*c**2/2 + c - 5. Determine y(h).
-9
Let y(p) = -p**2 + 15*p - 23. Let x be y(13). Let c(t) = -x - 1 + 6*t**2 + 8 - 3 - t. Suppose 0 = 4*w + 2*h - 4, -4*w - 3 + 7 = 5*h. Determine c(w).
6
Let i(x) = 4*x - 3 - 4*x**3 + 2*x**2 + x + 3*x**3. Suppose 3*h + 0*d - 3*d = -9, 2*d = 0. Let y = 6 + h. Determine i(y).
3
Suppose -7*j + 8*j = 0. Suppose j = -p - 4*d + 9, p - 2*d - 5 = -4*d. Let z be 2*(-2)/4*p. Let h(s) = 3*s**2. Give h(z).
3
Let b(j) = -j**2 - 7*j - 7. Let w(x) = x + 8. Suppose -2*h = h + 51. Let n = h + 4. Let i be w(n). What is b(i)?
3
Let k(x) = -3 - 2*x**2 + 3 - 2. Suppose -2*w = 3*q - 266, -2*q - w + 186 = -4*w. Let l be (2/5)/(2*9/q). Determine k(l).
-10
Let t(s) = -5*s**2 + 24*s - 2. Let u(r) = -4*r**2 + 20*r - 1. Let w(b) = -5*t(b) + 6*u(b). Determine w(3).
13
Let p(z) = 4*z**3 - z**2 + z - 4. Let o(m) = -1. Let k(j) = 5*o(j) - p(j). What is k(1)?
-5
Let a = -44 + 38. Let w(s) = s**3 + 8*s**2 + 8*s + 1. Determine w(a).
25
Let r(h) = h + 15. Let c(k) = 42*k - 134. Let d be c(3). What is r(d)?
7
Suppose 0 = j + 3*j + 16. Let l(t) be the first derivative of 3*t**2 - 4*t + 1/3*t**3 - 2. Give l(j).
-12
Suppose 48 = -6*o + 72. Let g(r) = r**3 - 5*r**2 - 2*r. Calculate g(o).
-24
Suppose 2*q + 5*n = 5, q + 3*n = -2*n - 5. Let z = -9 + q. Suppose -b = 5 + z. Let r(i) = i + 14. Calculate r(b).
8
Let u(b) be the third derivative of 3*b**4/8 + b**3/6 + 43*b**2 + 1. What is u(2)?
19
Let r = 8 + -6. Let b(a) = 3 + r*a - 2 - 5*a - 4. Let o = 21 + -23. What is b(o)?
3
Let z(a) be the first derivative of 9*a**4/4 + a**3/3 + a**2 + a + 34. Let r be (-4)/30 + (-26)/30. Give z(r).
-9
Let i(s) = 7*s - 19*s - 6 + s**2 - 2*s + 7*s. Let x(y) = y. Let j(a) = 5*a + 13. Let r(n) = j(n) - 4*x(n). Let o be r(-6). Give i(o).
-6
Let y = -30 + 32. Let g(f) = f**2 + 4 + y + 1 - 6 + 4*f. Calculate g(-3).
-2
Suppose -2*v - 32 = -4*g, -31 = -5*g - 3*v - 